)?
7
Let z be (5 + -2)*(-8)/12. Let m(y) = -912*y**2 - 3*y. Let c be m(z). What is the units digit of c/(-42) - 4/(-14)?
7
Let o = -244 + 246. Suppose -8*i + 7*i = -2*y + 2396, 2392 = o*y - 2*i. What is the tens digit of y?
0
Let y be (4/12)/(15/18 + -1). Let o(s) = s**2 + 2*s + 2. Let n be o(y). Suppose 5*z + n*z - 301 = 0. What is the tens digit of z?
4
Suppose 48657 - 31122 = 5*z. What is the thousands digit of z?
3
What is the tens digit of ((-5)/(-10))/(-10 + 173442/17344)?
3
Let x(a) = 26*a - 23. Let s(z) = 28*z - 23. Let p(m) = 5*s(m) - 6*x(m). What is the tens digit of p(-14)?
4
Let s(t) = -t**3 - 13*t**2 - 23*t - 16. Let d be s(-11). Let i be 4 - d/(10/(-16)). What is the hundreds digit of (44/12 + i)*-12 - -157?
1
Suppose 4*d - 68*k = -63*k + 127383, 2*d - 63688 = 2*k. What is the ten thousands digit of d?
3
Let v = 29622 + -18699. What is the thousands digit of v?
0
Let r = -59753 + 88131. What is the ten thousands digit of r?
2
Suppose -7*o - 12300 = -15*o + 43940. What is the units digit of o?
0
Suppose 11*x - 47 + 3 = 0. Suppose 7*f + 289 = 9*f - h, 5*h = x*f - 569. What is the hundreds digit of f?
1
Suppose -107582 + 19650 - 90100 = -8*v. What is the tens digit of v?
5
Let s = -13051 - -29431. What is the ten thousands digit of s?
1
Let q(o) = -1245*o + 8375. What is the thousands digit of q(-12)?
3
Let c(o) = -13*o - 8. Let r be c(-1). Suppose 10*t - r*t = 1205. What is the units digit of t?
1
Let k be (-324)/16*32/(-12). Let y = k + 21. Let i = 187 - y. What is the tens digit of i?
1
Let q be (((-50)/(-15))/(-2))/((-3)/45). Suppose -2*y = 5*j + q, 14 + 1 = -3*j - 3*y. What is the units digit of j - (6*-37)/2?
6
Suppose f + 2*g + 64 = 0, 2*f + 5*g + 98 + 34 = 0. Let u = f - -296. What is the units digit of u?
0
Let t = 83222 - 58039. What is the thousands digit of t?
5
Let c = 562 + -543. Suppose -10*u + 29551 = c*u. What is the units digit of u?
9
Let l(f) = f**2 - 17. Let i be (-918)/(-90) + 6*(-4)/(-30). Suppose y + 4*o = -i, 0 = -y + 2*o - 5. What is the tens digit of l(y)?
3
Let h(v) = v**3 - 54*v**2 + 82*v + 274. What is the tens digit of h(53)?
1
Let l(b) = 4*b**2 - 2*b - 1. Suppose 3*a = -a - 4. Let u be l(a). What is the units digit of (-12 + 13)*u*5?
5
Suppose -265*z + 260*z = -690. Let n = -29 + z. What is the hundreds digit of n?
1
Let q be (18/27)/((-2)/18). What is the units digit of 259 - 42/(q + -1)?
5
Let o(u) = -9 - 7 - 2 + 7*u - 9. Let j be o(6). What is the tens digit of ((-10)/j)/((-2)/63)?
2
What is the hundreds digit of (28822/(-2))/((-27 + 19)/8)?
4
Suppose -50*l + 35585 = -131165. What is the tens digit of l?
3
Suppose -17*m + 4*x - 12868 = -20*m, 4*x + 4300 = m. What is the tens digit of m?
9
Let w be (-10)/(-2)*(-9 + 8). Let r be w + (-2)/((-2)/(-67)). Let p = 130 + r. What is the tens digit of p?
5
Suppose 7*m + 28*m = -31*m + 1176384. What is the hundreds digit of m?
8
Suppose 9*q = 6*q + 2151. Suppose -q = -9*w + 813. What is the hundreds digit of w?
1
What is the ten thousands digit of 1339780/80 - 21/(-28)?
1
Suppose 10*y = 12*y - 5*t - 273, -4*y + 5*t + 561 = 0. Let v = 403 - y. What is the hundreds digit of v?
2
Let f = -64 - -88. Suppose 0 = -25*q + f*q - 43. Let i = q + 66. What is the tens digit of i?
2
Let h(k) = -4 - 2*k**2 + 0*k + 1 - 3*k**3 - 3*k + 2*k**3. Let l be h(-2). Suppose 5*v + 2*p = 635 + 39, -l*v - 3*p = -399. What is the hundreds digit of v?
1
Let n(d) = 2*d**2 - 19*d - 30. Let j be n(11). Suppose 0 = 4*p + j*f - 795, -2*p + 6*p - 796 = -4*f. What is the units digit of p?
8
Suppose 0 = 29*s - 96200 - 50830. What is the hundreds digit of s?
0
Let n be 1 - (-3)/6*(8 + 0). Suppose -1373 = -3*x + 4*t, n*x + 5*t = 261 + 2039. Let o = -224 + x. What is the hundreds digit of o?
2
Suppose 23*u + 409 = 22*u. Let q = -161 - u. Suppose -j = 2*f - 122, 4*j = -4*f - 0*j + q. What is the units digit of f?
0
Let v(a) = 599*a**2 - 29*a + 75. What is the tens digit of v(7)?
2
Let q = 12844 + -9772. What is the tens digit of q?
7
Suppose -3*o + 3*p = 0, -3*o + 209*p - 204*p = 0. What is the thousands digit of 1570 + -2 - (-6 + o + 9)?
1
Let u = -111 - -96. What is the tens digit of (-5 - (-2931)/u)/(6/(-20))?
6
Let p = 18561 + -5636. What is the tens digit of p?
2
Let s = 208837 + -147231. What is the tens digit of s?
0
Let o = 90520 + -62072. What is the tens digit of o?
4
Suppose 0*k = 4*k - 9260. Let j = 3367 - k. What is the hundreds digit of j?
0
Let f(m) = 104*m**2 + 102*m**2 - 306*m**2 + 22 + 102*m**2 + m. Suppose -4*n = 33 - 13. What is the units digit of f(n)?
7
Let m = 93377 - 66457. What is the units digit of m?
0
Let i(o) = -3*o + 7. Let q be i(-2). Suppose -q + 5 = 2*j. What is the tens digit of (-1)/j + (-1375)/(-20)?
6
Suppose j - 388 = 2*y, -145 - 49 = y + 5*j. Let q = y + 408. What is the tens digit of q?
1
Suppose -4*b = -u - 31, 10*u - 2*b = 11*u + 7. Let d(k) = -k**2 + 9*k + 13. Let l(w) = -w**2 + 1. Let a(m) = d(m) - 2*l(m). What is the tens digit of a(u)?
0
What is the hundreds digit of (44/(-10))/(24 - 2221260/92550)?
7
Let y = -3341 - -3343. Suppose 0*f - 3*f = -33. Suppose y + f = w. What is the tens digit of w?
1
Let r(q) = -4*q**2 - 6*q - 76. Let o(k) = -11*k**2 - 17*k - 226. Let b(z) = -3*o(z) + 8*r(z). What is the hundreds digit of b(-19)?
3
Let f(m) = -m**3 + 17*m**2 - 9*m + 6. Let g be f(10). Suppose -3*y = -7*y + g. Suppose 4*k + 5*j = y, 4*j - 8 + 36 = k. What is the tens digit of k?
3
Suppose -z - 222 = z. Let r(y) = 49*y - 470. Let x be r(13). Let t = x + z. What is the units digit of t?
6
Let r be 6/9 - ((-1320)/(-9) - -3). Let a = r + 182. What is the tens digit of a?
3
Let o(p) = -p**2 + 58*p - 70. Suppose -5*d + 4*u + 144 = 6*u, -2*u + 32 = d. What is the units digit of o(d)?
0
Let a(y) = 28*y**2 + 8*y - 2. Let t be a(7). Let r = t - 1007. What is the units digit of r?
9
Let s be (-16)/(-72) + (-3)/((-108)/136). Suppose 5 - 11 = 3*g, -s*z + 3*g + 6894 = 0. What is the tens digit of z?
2
Suppose 2*i - 7*i - 20 = 0. Let c be 769*(-1)/(2 + 1 + i). Suppose -c = -5*k - 54. What is the tens digit of k?
4
Let k = 70393 - 39598. What is the units digit of k?
5
Suppose -2*z = 4*s - 9544, -3*s = 5*z - 22130 - 1723. What is the thousands digit of z?
4
Let b(c) = -58*c - 48. Let o be (-296)/56 - 2/(-7). What is the tens digit of b(o)?
4
Suppose 8*i + 116 = -252. Let y = 51 + i. What is the hundreds digit of (268/y)/(138/(-30) - -5)?
1
What is the hundreds digit of 10054209/330 + -5 - (-6)/(-20)?
4
Let n = -1429 - -7778. What is the tens digit of n?
4
Let f(l) = 7*l**3 + 22*l**2 - 45*l - 150. What is the tens digit of f(14)?
4
Let s(k) = -6*k**3 - 31*k**2 + k - 610. What is the units digit of s(-16)?
4
Suppose -421*o + 841*o = 411*o + 133281. What is the thousands digit of o?
4
Let a(w) = -25*w - 2. Let s be a(2). Let v = s - -49. What is the hundreds digit of (71 - v)*3/2?
1
Let k(z) = 18*z - 141. Let u be k(8). Suppose 0 = 2*d - 3*l - 453, 229 = d - u*l - l. What is the tens digit of d?
2
Let y(v) = v**2 + 9*v - 4. Let d be y(-9). Let s(l) = l**2 - 4*l - 4. Let f be s(d). What is the units digit of f/(-7) + (-1 - -52)?
7
Let y(r) = -17 - r**3 + 2891*r**2 - 2895*r**2 - 19*r - 3*r. What is the hundreds digit of y(-7)?
2
Suppose 78*a - 83*a + 58444 = 3*p, 5*a - 19478 = -p. What is the units digit of p?
3
Suppose -10478 = -5*c - 2373. What is the units digit of c?
1
Let x = 10972 + -1158. What is the tens digit of x?
1
Let w(n) = 287*n**2 + 98*n - 484. What is the ten thousands digit of w(6)?
1
Let i(v) be the first derivative of -v**4/4 - 2*v**3/3 + 5*v**2 - 14*v + 9. Let n be i(4). What is the units digit of 692/10 - (-14)/n?
9
What is the thousands digit of (455/(-280))/(-13) - (1 + 128734/(-16))?
8
Suppose 0 = 4*l - 0*k - k - 16, 2*k = -3*l + 1. Suppose -l*c + 3*x = -234, -5*x = -2*c + 156 - 0. What is the tens digit of c?
7
Suppose 6*q - 31*q + 2150 = 0. Suppose -4*f = -q - 186. What is the tens digit of f?
6
What is the thousands digit of (0 - -132306)*4/8?
6
Let c(s) = -33*s**3 - s**2 - 11*s + 12. Let w be c(5). What is the tens digit of (w/3)/(-7) + 2/6?
0
Suppose 10*y + 717 = -2403. Let w = y + 839. What is the tens digit of w?
2
Suppose -4*c + 0*c - 4 = 0, 0 = 3*g - c + 2. What is the units digit of g - 256/(-4 - -2)?
7
Let f(p) be the second derivative of